{"id":229,"date":"2018-05-23T09:28:32","date_gmt":"2018-05-23T07:28:32","guid":{"rendered":"http:\/\/automobile-kieber.de\/wp\/?page_id=229"},"modified":"2021-08-26T10:28:20","modified_gmt":"2021-08-26T08:28:20","slug":"impressum","status":"publish","type":"page","link":"https:\/\/automobile-kieber.de\/?page_id=229","title":{"rendered":"Impressum"},"content":{"rendered":"<p>Automobile Kieber GmbH<br \/>\nAm Kesseltal 2<br \/>\nD-55129 Mainz-Ebersheim<br \/>\nTelefon: +49 (0)6136\/955150<br \/>\nTelefax: +49 (0)6136\/9551515<br \/>\nE-Mail: info@automobile-kieber.de<br \/>\nInternet: www.automobile-kieber.de<\/p>\n<p>Pers\u00f6nlich haftender Gesellschafter: Michael Kieber<\/p>\n<p>Registergericht: Mainz<br \/>\nRegisternummer: HRB 8548<\/p>\n<p>Umsatzsteuer-Indentifikationsnummer gem\u00e4\u00df \u00a7 27 a Umsatzsteuergesetz:<br \/>\nDE 234815011<\/p>\n<p>Inhaltlich Verantwortlicher gem\u00e4\u00df \u00a7 18 Abs.2 MStV: Michael Kieber<\/p>\n<p>Haftungshinweis: Trotz sorgf\u00e4ltiger inhaltlicher Kontrolle \u00fcbernehmen wir keine<br \/>\nHaftung f\u00fcr die Inhalte externer Links. F\u00fcr den Inhalt der verlinkten Seiten sind<br \/>\nausschlie\u00dflich deren Betreiber verantwortlich.<\/p>\n","protected":false},"excerpt":{"rendered":"<p>Automobile Kieber GmbH Am Kesseltal 2 D-55129 Mainz-Ebersheim Telefon: +49 (0)6136\/955150 Telefax: +49 (0)6136\/9551515 E-Mail: info@automobile-kieber.de Internet: www.automobile-kieber.de Pers\u00f6nlich haftender Gesellschafter: Michael Kieber Registergericht: Mainz Registernummer: HRB 8548 Umsatzsteuer-Indentifikationsnummer gem\u00e4\u00df \u00a7 27 a Umsatzsteuergesetz: DE 234815011 Inhaltlich Verantwortlicher gem\u00e4\u00df \u00a7 18 Abs.2 MStV: Michael Kieber Haftungshinweis: Trotz sorgf\u00e4ltiger inhaltlicher Kontrolle \u00fcbernehmen wir keine Haftung f\u00fcr [&hellip;]<\/p>\n","protected":false},"author":1,"featured_media":0,"parent":0,"menu_order":0,"comment_status":"closed","ping_status":"closed","template":"","meta":{"footnotes":""},"class_list":["post-229","page","type-page","status-publish","hentry"],"_links":{"self":[{"href":"https:\/\/automobile-kieber.de\/index.php?rest_route=\/wp\/v2\/pages\/229","targetHints":{"allow":["GET"]}}],"collection":[{"href":"https:\/\/automobile-kieber.de\/index.php?rest_route=\/wp\/v2\/pages"}],"about":[{"href":"https:\/\/automobile-kieber.de\/index.php?rest_route=\/wp\/v2\/types\/page"}],"author":[{"embeddable":true,"href":"https:\/\/automobile-kieber.de\/index.php?rest_route=\/wp\/v2\/users\/1"}],"replies":[{"embeddable":true,"href":"https:\/\/automobile-kieber.de\/index.php?rest_route=%2Fwp%2Fv2%2Fcomments&post=229"}],"version-history":[{"count":2,"href":"https:\/\/automobile-kieber.de\/index.php?rest_route=\/wp\/v2\/pages\/229\/revisions"}],"predecessor-version":[{"id":395,"href":"https:\/\/automobile-kieber.de\/index.php?rest_route=\/wp\/v2\/pages\/229\/revisions\/395"}],"wp:attachment":[{"href":"https:\/\/automobile-kieber.de\/index.php?rest_route=%2Fwp%2Fv2%2Fmedia&parent=229"}],"curies":[{"name":"wp","href":"https:\/\/api.w.org\/{rel}","templated":true}]}}